y 17?
14
Let a(n) = n**2 - n + 4. Calculate the remainder when (-4745)/(-78) - (-1)/6 is divided by a(-3).
13
Suppose 6*l - 3*l - 49 = i, i = -4. Let c be (-3)/(-12) - 159/(-4). Suppose -5*o + c = -5*s, -o + 4*s + 8 = 5*s. What is the remainder when l is divided by o?
7
Suppose -g - 3 = -0, i = -5*g + 11. What is the remainder when 73 is divided by i?
21
Let f(u) = 16*u - 4. Let l(q) = -3*q + 3. Let p = -8 + 4. Calculate the remainder when f(3) is divided by l(p).
14
Let d(v) = -v + 8. Calculate the remainder when d(-14) is divided by 12.
10
Let t be 2/9 + (-4)/18. Suppose -l + t + 6 = 0. Calculate the remainder when 16 is divided by l.
4
Let s(i) = i**3 + 12*i**2 + 11*i + 5. Let j be s(-11). Suppose j = -4*f + 21. Calculate the remainder when 10 is divided by f.
2
What is the remainder when 45 is divided by 7 + (45/3)/3?
9
Suppose 0 = y - 3*b + 6, 2*y = -5*b + 3*b + 20. Let z(r) = r**2 + 4*r - 8. What is the remainder when y is divided by z(-6)?
2
Suppose -5*r - 20 = -4*y, 7 = y + 2*r + 2. Let t = -2 + 4. Suppose o + 2 = -4*v - 4*o, -t*v - 2*o = 0. What is the remainder when y is divided by v?
1
Suppose -4*z = 16, 5*u + 5*z - 113 = 2*z. Calculate the remainder when u is divided by 9.
7
Suppose 3*u - 2 - 19 = 0. Suppose -s - 5 + 18 = 0. Calculate the remainder when s is divided by u.
6
Let i(j) = -6*j**3 - j**2 - 2*j - 1. Let g = -12 - -29. Calculate the remainder when g is divided by i(-1).
5
Suppose -4*o + o + 423 = -3*h, o - 4*h - 132 = 0. Calculate the remainder when o is divided by 21.
18
Suppose -31*k = -25*k - 108. Suppose 4*q - 168 = -4*g, 2*q = -4*g - 3*q + 168. Calculate the remainder when k is divided by ((-2)/(-3))/(4/g).
4
Suppose -5*k - 132 = -4*w, 0 = -2*w - 0*k - 4*k + 92. Calculate the remainder when w is divided by 10.
8
Let w be (2/(-4))/((-1)/112). Suppose -4*k + 344 = 5*l, 0*k + 5*l + 61 = k. Let s = k - w. What is the remainder when s is divided by 13?
12
Let m(g) = g**3 - 3*g**2 + 2*g + 1. Let l(y) = y**2 + y. Let s be l(-2). Calculate the remainder when m(s) is divided by 1.
0
Let g = 8 - 14. Calculate the remainder when 12 is divided by 4/6 + (-38)/g.
5
Suppose 2*h = x + 1, 0 = h + x - 5. Suppose -h*b = 4*t - 52, -2*t + 14 = -5*b + 84. What is the remainder when 30 is divided by b?
14
Calculate the remainder when (-12)/(-3) + 3 + 17 is divided by 13.
11
Let p = -14 + 28. Calculate the remainder when 51 is divided by p.
9
Let z be (6/4)/((-9)/(-12)). Suppose 0 = z*v - 10, 5*v + 30 = 2*o + 3*o. Calculate the remainder when o is divided by 6.
5
Let p = 102 - -8. Calculate the remainder when p is divided by 28.
26
Suppose 56 = 5*g - g. Calculate the remainder when 53 is divided by g.
11
Suppose 0 = -18*z + 13*z + 265. Calculate the remainder when z is divided by 14.
11
Let k = 91 - 70. What is the remainder when 58 is divided by k?
16
Let j(c) be the second derivative of c**3 + 3*c**2/2 - 6*c. What is the remainder when j(5) is divided by 17?
16
Let f = 25 + -25. Calculate the remainder when 0 + f/(-4) + 32 is divided by 11.
10
Let h = -40 + 84. What is the remainder when h is divided by ((-30)/20)/(3/(-30))?
14
Suppose 4*o + 16 = 0, 3*o + 2 = -5*h - 0. Suppose -h*l = -v - 5, -4*l = -3*l - 4. Calculate the remainder when 8 is divided by v.
2
Let t(j) = -5*j + 2. Suppose 7 = -2*u - a, 3*u + 3 = a - 0. What is the remainder when (-64)/(-3) - (-6)/9 is divided by t(u)?
10
Suppose -18 = -g + 2*v, 0 = -g + 3*v + v + 24. Calculate the remainder when g is divided by 8.
4
Let c(n) = -n + 12. What is the remainder when 13 is divided by c(4)?
5
Suppose 5*v + 24 + 1 = 0. Let w be v*(0 - 4/10). Suppose 0 = 3*b, w*o + 4*b - 9 = 11. Calculate the remainder when 18 is divided by o.
8
Let t be 6*5/(45/6). Suppose -2*i - v + 91 = 0, -i - 4*v - 153 = -t*i. Suppose -2*g + 35 + i = 0. What is the remainder when g is divided by 14?
13
Suppose -3 = 2*z - 1, 4*x = 4*z + 4. Suppose x = 5*o - 47 - 3. What is the remainder when 19 is divided by o?
9
Let u(k) = k**3 + 10*k**2 - 4*k - 16. Calculate the remainder when 166 is divided by u(-10).
22
Let v(g) = 11*g. What is the remainder when v(1) is divided by 7?
4
Let j(x) = -x**3 - x + 2. Let g(v) = -v**2 - 5*v + 4. Let n be g(-6). Let f be 11/(-5) - n/10. Calculate the remainder when 34 is divided by j(f).
10
Let k = 34 - 30. Calculate the remainder when 5 is divided by k.
1
Calculate the remainder when (-745)/(-8) - (-3)/(-24) is divided by 32.
29
Let o = 13 + -6. Let m(a) = a**2 - 6*a - 2. Let q be m(o). Suppose -51 = -q*n + 54. What is the remainder when 61 is divided by n?
19
Let b = 3 - -9. Let j(x) = x**3 + 10*x**2 - 5*x - 7. Let r be j(-5). Suppose -5*k - 33 + r = l, -2*l + 105 = 5*k. What is the remainder when k is divided by b?
11
What is the remainder when (1 - 2) + 5 + 23 is divided by 15?
12
What is the remainder when (-4)/16*-6*(-64)/(-6) is divided by 9?
7
Let m(j) = -j**3 + 4*j**2 - 5*j + 4. Let x be m(2). Suppose -x*c + 4*c = 10. What is the remainder when 18 is divided by c?
3
Suppose f = 3*f - 18. Let i = f - 7. Calculate the remainder when 10 is divided by i + (1 - 2) - -3.
2
Suppose 0 = 3*t + 2*t + 5. Calculate the remainder when (5 - 5) + (5 - 0 - -2) is divided by 6/t*-1 + -1.
2
Suppose -4*g - 110 = 5*n - 297, -3*n - 5*g + 120 = 0. Suppose 12 = -4*r, -m + 2*m + 5*r + 25 = 0. What is the remainder when n is divided by 6*4/m*-5?
11
Suppose -4*j = -0*j - 404. What is the remainder when j is divided by 26?
23
Suppose -2*m = -4*m + 6. What is the remainder when 29 is divided by -8*(-1 - 3/m)?
13
Let z(i) = -7*i - 1. Let t be z(1). Let u be (-35)/(-4) - 2/t. What is the remainder when (-2)/3*u/(-2) is divided by 2?
1
Suppose 0 = 4*p + 23 - 3. Let m = p + 48. Calculate the remainder when m is divided by 22.
21
Suppose -16*q = -21*q + 30. Calculate the remainder when 15 is divided by q.
3
Let l(o) be the third derivative of o**6/120 + o**4/6 - 4*o**2. What is the remainder when l(3) is divided by 14?
11
Suppose 5*s + 2*h = 5, -s + 5*s + 4*h + 8 = 0. Suppose q + 40 = 3*q. Suppose 5*g = q, 3*n - 15 = -2*n + 5*g. Calculate the remainder when n is divided by s.
1
Let l(n) = 18*n**2 + 2*n + 1. Suppose 71 = 4*q - 3*a - 52, -2*q + 75 = 3*a. Calculate the remainder when q is divided by l(-1).
16
Calculate the remainder when (-2)/(-8) - 188/(-16) is divided by (8/(-24))/(1/(-21)).
5
Let g(l) = -l**2 - 5*l - 3. Let c be g(-3). Suppose -b - 2*h = 3*h + 5, 0 = -c*h - 6. What is the remainder when 9 is divided by b?
4
Calculate the remainder when 35 is divided by 9*((-52)/(-12) - 2).
14
Let j(o) = o. Let q(y) = -y**2 + 5*y + 13. Calculate the remainder when q(6) is divided by j(5).
2
Suppose 27 = 2*p - 17. What is the remainder when 76 is divided by p?
10
Suppose 0*k = k - 42. Let t = -23 + 38. What is the remainder when k is divided by t?
12
Let p(r) = r**3 + 10*r**2 - 2*r + 2. Calculate the remainder when p(-10) is divided by 6.
4
Let g = 9 + 1. Calculate the remainder when 26 is divided by g.
6
What is the remainder when (-7)/(6/21 - (-18)/(-14)) is divided by 2?
1
Suppose 5*y = -2*a + 98, -183 = -5*a - 2*y + 20. What is the remainder when a is divided by 13?
0
Let m = 52 + -44. Calculate the remainder when 25 is divided by m.
1
Let v be 2/(-5) + (-34)/(-10). Suppose c - 20 = -v*m, 2*m + c - 30 = -3*c. Calculate the remainder when m is divided by ((-10)/3 - -3)*-9.
2
Let u(t) be the first derivative of 7*t**2 + 2. What is the remainder when 40 is divided by u(1)?
12
Let t be (4/(-8))/(1/(-6)). Let f be 135/25 - t/(-5). Suppose 4 = 5*g - f. Calculate the remainder when 4 is divided by g.
0
Suppose 0*g - 21 = -3*g. Suppose 0 = 2*z - 2*v - 8, 5*v = -z + v + 4. What is the remainder when g is divided by z?
3
Let m = -38 - -54. Calculate the remainder when (-2)/(-4)*(-8)/(-12)*93 is divided by m.
15
Suppose 0 = 3*w + 5*a, -5*w - 24 = -8*w + 3*a. Suppose 1 = -l + w. Suppose -16 = -4*o - l. What is the remainder when 11 is divided by o?
2
Let t = -2 + -2. Let u = t - -15. What is the remainder when 30 is divided by u?
8
Let v = -6 - -33. Suppose -35 - 10 = 3*h. Let c = h + v. Calculate the remainder when 45 is divided by c.
9
Suppose 142 = 4*f - 3*p, 3*f - 113 = -4*p + 3*p. What is the remainder when f is divided by 13?
11
Let w(r) = r**3 - 12*r**2 - 13*r + 7. Let z(i) = -3*i**3 + 35*i**2 + 38*i - 